CRAN Package Check Results for Package screenshot

Last updated on 2025-07-04 22:49:36 CEST.

Flavor Version Tinstall Tcheck Ttotal Status Flags
r-devel-linux-x86_64-debian-clang 0.9.1 2.70 31.12 33.82 NOTE
r-devel-linux-x86_64-debian-gcc 0.9.1 2.16 25.16 27.32 NOTE
r-devel-linux-x86_64-fedora-clang 0.9.1 50.93 NOTE
r-devel-linux-x86_64-fedora-gcc 0.9.1 48.08 NOTE
r-devel-windows-x86_64 0.9.1 4.00 54.00 58.00 NOTE
r-patched-linux-x86_64 0.9.1 3.08 29.13 32.21 NOTE
r-release-linux-x86_64 0.9.1 2.73 28.68 31.41 NOTE
r-release-macos-arm64 0.9.1 21.00 NOTE
r-release-macos-x86_64 0.9.1 33.00 NOTE
r-release-windows-x86_64 0.9.1 7.00 54.00 61.00 NOTE
r-oldrel-macos-arm64 0.9.1 20.00 OK
r-oldrel-macos-x86_64 0.9.1 35.00 OK
r-oldrel-windows-x86_64 0.9.1 6.00 59.00 65.00 OK

Check Details

Version: 0.9.1
Check: DESCRIPTION meta-information
Result: NOTE Missing dependency on R >= 4.1.0 because package code uses the pipe |> or function shorthand \(...) syntax added in R 4.1.0. File(s) using such syntax: ‘clipboard.R’ ‘display.R’ ‘locate_image.R’ ‘screenshot.R’ Flavors: r-devel-linux-x86_64-debian-clang, r-devel-linux-x86_64-debian-gcc, r-devel-linux-x86_64-fedora-clang, r-devel-linux-x86_64-fedora-gcc, r-devel-windows-x86_64, r-patched-linux-x86_64, r-release-linux-x86_64, r-release-macos-arm64, r-release-macos-x86_64, r-release-windows-x86_64