Last updated on 2025-05-06 10:50:20 CEST.
Flavor | Version | Tinstall | Tcheck | Ttotal | Status | Flags |
---|---|---|---|---|---|---|
r-devel-linux-x86_64-debian-clang | 0.5.4 | 44.68 | 107.58 | 152.26 | NOTE | |
r-devel-linux-x86_64-debian-gcc | 0.5.4 | 29.73 | 76.47 | 106.20 | NOTE | |
r-devel-linux-x86_64-fedora-clang | 0.5.4 | 243.48 | NOTE | |||
r-devel-linux-x86_64-fedora-gcc | 0.5.4 | 268.87 | NOTE | |||
r-devel-windows-x86_64 | 0.5.4 | 50.00 | 131.00 | 181.00 | NOTE | |
r-patched-linux-x86_64 | 0.5.4 | 44.57 | 101.07 | 145.64 | NOTE | |
r-release-linux-x86_64 | 0.5.4 | 43.42 | 101.11 | 144.53 | NOTE | |
r-release-macos-arm64 | 0.5.4 | 100.00 | NOTE | |||
r-release-macos-x86_64 | 0.5.4 | 112.00 | NOTE | |||
r-release-windows-x86_64 | 0.5.4 | 54.00 | 132.00 | 186.00 | NOTE | |
r-oldrel-macos-arm64 | 0.5.4 | 63.00 | NOTE | |||
r-oldrel-macos-x86_64 | 0.5.4 | 91.00 | NOTE | |||
r-oldrel-windows-x86_64 | 0.5.4 | 60.00 | 166.00 | 226.00 | NOTE |
Version: 0.5.4
Check: CRAN incoming feasibility
Result: NOTE
Maintainer: ‘Wenjie Wang <wang@wwenjie.org>’
Package CITATION file contains call(s) to old-style personList() or
as.personList(). Please use c() on person objects instead.
Flavors: r-devel-linux-x86_64-debian-clang, r-devel-linux-x86_64-debian-gcc
Version: 0.5.4
Check: C++ specification
Result: NOTE
Specified C++11: please drop specification unless essential
Flavors: r-devel-linux-x86_64-debian-clang, r-devel-linux-x86_64-debian-gcc, r-devel-linux-x86_64-fedora-clang, r-devel-linux-x86_64-fedora-gcc, r-devel-windows-x86_64, r-patched-linux-x86_64, r-release-linux-x86_64, r-release-macos-arm64, r-release-macos-x86_64, r-release-windows-x86_64, r-oldrel-macos-arm64, r-oldrel-macos-x86_64, r-oldrel-windows-x86_64
Version: 0.5.4
Check: Rd files
Result: NOTE
checkRd: (-1) simEvent.Rd:112: Lost braces; missing escapes or markup?
112 | and another argument named {zCoef} for covariate coefficient vector.
| ^
Flavors: r-devel-linux-x86_64-debian-clang, r-devel-linux-x86_64-debian-gcc, r-devel-linux-x86_64-fedora-clang, r-devel-linux-x86_64-fedora-gcc, r-devel-windows-x86_64, r-patched-linux-x86_64, r-release-linux-x86_64, r-release-macos-arm64, r-release-macos-x86_64, r-release-windows-x86_64, r-oldrel-macos-arm64, r-oldrel-macos-x86_64, r-oldrel-windows-x86_64
Version: 0.5.4
Check: installed package size
Result: NOTE
installed size is 6.8Mb
sub-directories of 1Mb or more:
doc 3.3Mb
libs 2.9Mb
Flavors: r-oldrel-macos-arm64, r-oldrel-macos-x86_64