Last updated on 2025-07-04 14:49:36 CEST.
Flavor | Version | Tinstall | Tcheck | Ttotal | Status | Flags |
---|---|---|---|---|---|---|
r-devel-linux-x86_64-debian-clang | 0.3 | 2.87 | 37.10 | 39.97 | OK | |
r-devel-linux-x86_64-debian-gcc | 0.3 | 2.40 | 32.29 | 34.69 | OK | |
r-devel-linux-x86_64-fedora-clang | 0.3 | 61.38 | NOTE | |||
r-devel-linux-x86_64-fedora-gcc | 0.3 | 73.10 | NOTE | |||
r-devel-windows-x86_64 | 0.3 | 5.00 | 62.00 | 67.00 | OK | |
r-patched-linux-x86_64 | 0.3 | 3.02 | 36.11 | 39.13 | OK | |
r-release-linux-x86_64 | 0.3 | 2.92 | 35.76 | 38.68 | OK | |
r-release-macos-arm64 | 0.3 | 38.00 | OK | |||
r-release-macos-x86_64 | 0.3 | 67.00 | OK | |||
r-release-windows-x86_64 | 0.3 | 5.00 | 62.00 | 67.00 | OK | |
r-oldrel-macos-arm64 | 0.3 | 35.00 | NOTE | |||
r-oldrel-macos-x86_64 | 0.3 | 129.00 | NOTE | |||
r-oldrel-windows-x86_64 | 0.3 | 6.00 | 73.00 | 79.00 | NOTE |
Version: 0.3
Check: dependencies in R code
Result: NOTE
Namespace in Imports field not imported from: ‘utils’
All declared Imports should be used.
Flavors: r-devel-linux-x86_64-fedora-clang, r-devel-linux-x86_64-fedora-gcc
Version: 0.3
Check: installed package size
Result: NOTE
installed size is 5.1Mb
Flavors: r-oldrel-macos-arm64, r-oldrel-macos-x86_64, r-oldrel-windows-x86_64