Last updated on 2025-07-04 00:50:12 CEST.
Flavor | Version | Tinstall | Tcheck | Ttotal | Status | Flags |
---|---|---|---|---|---|---|
r-devel-linux-x86_64-debian-clang | 0.1.3 | 17.36 | 151.99 | 169.35 | OK | |
r-devel-linux-x86_64-debian-gcc | 0.1.3 | 12.69 | 107.41 | 120.10 | OK | |
r-devel-linux-x86_64-fedora-clang | 0.1.3 | 258.65 | NOTE | |||
r-devel-linux-x86_64-fedora-gcc | 0.1.3 | 268.20 | NOTE | |||
r-devel-windows-x86_64 | 0.1.3 | 21.00 | 135.00 | 156.00 | OK | |
r-patched-linux-x86_64 | 0.1.3 | 15.59 | 145.06 | 160.65 | OK | |
r-release-linux-x86_64 | 0.1.3 | 16.51 | 141.05 | 157.56 | OK | |
r-release-macos-arm64 | 0.1.3 | 68.00 | OK | |||
r-release-macos-x86_64 | 0.1.3 | 129.00 | OK | |||
r-release-windows-x86_64 | 0.1.3 | 19.00 | 139.00 | 158.00 | OK | |
r-oldrel-macos-arm64 | 0.1.3 | 70.00 | OK | |||
r-oldrel-macos-x86_64 | 0.1.3 | 110.00 | OK | |||
r-oldrel-windows-x86_64 | 0.1.3 | 26.00 | 176.00 | 202.00 | OK |
Version: 0.1.3
Check: dependencies in R code
Result: NOTE
Namespaces in Imports field not imported from:
‘clusterProfiler’ ‘purrr’
All declared Imports should be used.
Flavors: r-devel-linux-x86_64-fedora-clang, r-devel-linux-x86_64-fedora-gcc