CRAN Package Check Results for Package odk

Last updated on 2025-07-04 00:50:11 CEST.

Flavor Version Tinstall Tcheck Ttotal Status Flags
r-devel-linux-x86_64-debian-clang 1.5 3.16 31.39 34.55 NOTE
r-devel-linux-x86_64-debian-gcc 1.5 2.38 25.32 27.70 NOTE
r-devel-linux-x86_64-fedora-clang 1.5 55.23 OK
r-devel-linux-x86_64-fedora-gcc 1.5 50.68 OK
r-devel-windows-x86_64 1.5 4.00 56.00 60.00 OK
r-patched-linux-x86_64 1.5 3.21 29.71 32.92 OK
r-release-linux-x86_64 1.5 3.09 30.01 33.10 OK
r-release-macos-arm64 1.5 23.00 OK
r-release-macos-x86_64 1.5 36.00 OK
r-release-windows-x86_64 1.5 5.00 57.00 62.00 OK
r-oldrel-macos-arm64 1.5 19.00 OK
r-oldrel-macos-x86_64 1.5 29.00 OK
r-oldrel-windows-x86_64 1.5 6.00 61.00 67.00 OK

Check Details

Version: 1.5
Check: CRAN incoming feasibility
Result: NOTE Maintainer: ‘Muntashir-Al-Arefin <muntashir.a2i@gmail.com>’ No Authors@R field in DESCRIPTION. Please add one, modifying Authors@R: person(family = "Muntashir-Al-Arefin", role = c("aut", "cre"), email = "muntashir.a2i@gmail.com") as necessary. Flavors: r-devel-linux-x86_64-debian-clang, r-devel-linux-x86_64-debian-gcc