CRAN Package Check Results for Package messy.cats

Last updated on 2025-07-03 21:48:51 CEST.

Flavor Version Tinstall Tcheck Ttotal Status Flags
r-devel-linux-x86_64-debian-clang 1.0 5.09 46.57 51.66 OK
r-devel-linux-x86_64-debian-gcc 1.0 4.19 34.24 38.43 OK
r-devel-linux-x86_64-fedora-clang 1.0 78.68 NOTE
r-devel-linux-x86_64-fedora-gcc 1.0 88.77 NOTE
r-devel-windows-x86_64 1.0 8.00 62.00 70.00 OK
r-patched-linux-x86_64 1.0 6.05 41.07 47.12 OK
r-release-linux-x86_64 1.0 5.03 41.07 46.10 OK
r-release-macos-arm64 1.0 33.00 OK
r-release-macos-x86_64 1.0 57.00 OK
r-release-windows-x86_64 1.0 9.00 63.00 72.00 OK
r-oldrel-macos-arm64 1.0 32.00 OK
r-oldrel-macos-x86_64 1.0 70.00 OK
r-oldrel-windows-x86_64 1.0 8.00 73.00 81.00 OK

Check Details

Version: 1.0
Check: dependencies in R code
Result: NOTE Namespace in Imports field not imported from: ‘gt’ All declared Imports should be used. Flavors: r-devel-linux-x86_64-fedora-clang, r-devel-linux-x86_64-fedora-gcc