Last updated on 2025-07-04 14:49:31 CEST.
Flavor | Version | Tinstall | Tcheck | Ttotal | Status | Flags |
---|---|---|---|---|---|---|
r-devel-linux-x86_64-debian-clang | 0.1.2 | 11.20 | 82.94 | 94.14 | OK | |
r-devel-linux-x86_64-debian-gcc | 0.1.2 | 7.73 | 63.92 | 71.65 | OK | |
r-devel-linux-x86_64-fedora-clang | 0.1.2 | 150.37 | OK | |||
r-devel-linux-x86_64-fedora-gcc | 0.1.2 | 142.48 | OK | |||
r-devel-windows-x86_64 | 0.1.2 | 14.00 | 127.00 | 141.00 | OK | |
r-patched-linux-x86_64 | 0.1.2 | 11.26 | 79.58 | 90.84 | OK | |
r-release-linux-x86_64 | 0.1.2 | 9.86 | 80.62 | 90.48 | OK | |
r-release-macos-arm64 | 0.1.2 | 93.00 | OK | |||
r-release-macos-x86_64 | 0.1.2 | 139.00 | OK | |||
r-release-windows-x86_64 | 0.1.2 | 13.00 | 124.00 | 137.00 | OK | |
r-oldrel-macos-arm64 | 0.1.2 | 10.00 | ERROR | |||
r-oldrel-macos-x86_64 | 0.1.2 | 11.00 | ERROR | |||
r-oldrel-windows-x86_64 | 0.1.2 | 17.00 | 154.00 | 171.00 | OK |
Version: 0.1.2
Check: package dependencies
Result: ERROR
Package required and available but unsuitable version: ‘stats’
See section ‘The DESCRIPTION file’ in the ‘Writing R Extensions’
manual.
Flavors: r-oldrel-macos-arm64, r-oldrel-macos-x86_64