CRAN Package Check Results for Package acroname

Last updated on 2025-07-05 08:49:55 CEST.

Flavor Version Tinstall Tcheck Ttotal Status Flags
r-devel-linux-x86_64-debian-clang 0.1.0 1.77 22.70 24.47 OK
r-devel-linux-x86_64-debian-gcc 0.1.0 1.47 19.20 20.67 OK
r-devel-linux-x86_64-fedora-clang 0.1.0 36.23 NOTE
r-devel-linux-x86_64-fedora-gcc 0.1.0 34.39 NOTE
r-devel-windows-x86_64 0.1.0 4.00 48.00 52.00 OK
r-patched-linux-x86_64 0.1.0 1.86 21.04 22.90 OK
r-release-linux-x86_64 0.1.0 1.85 20.54 22.39 OK
r-release-macos-arm64 0.1.0 20.00 OK
r-release-macos-x86_64 0.1.0 41.00 OK
r-release-windows-x86_64 0.1.0 5.00 48.00 53.00 OK
r-oldrel-macos-arm64 0.1.0 17.00 NOTE
r-oldrel-macos-x86_64 0.1.0 24.00 NOTE
r-oldrel-windows-x86_64 0.1.0 4.00 52.00 56.00 NOTE

Check Details

Version: 0.1.0
Check: dependencies in R code
Result: NOTE Namespace in Imports field not imported from: ‘hunspell’ All declared Imports should be used. Flavors: r-devel-linux-x86_64-fedora-clang, r-devel-linux-x86_64-fedora-gcc

Version: 0.1.0
Check: LazyData
Result: NOTE 'LazyData' is specified without a 'data' directory Flavors: r-oldrel-macos-arm64, r-oldrel-macos-x86_64, r-oldrel-windows-x86_64

Version: 0.1.0
Check: package dependencies
Result: NOTE Package suggested but not available for checking: ‘testthat’ Flavor: r-oldrel-macos-x86_64