Last updated on 2025-07-04 11:50:34 CEST.
Flavor | Version | Tinstall | Tcheck | Ttotal | Status | Flags |
---|---|---|---|---|---|---|
r-devel-linux-x86_64-debian-clang | 0.2.0 | 307.42 | 141.81 | 449.23 | NOTE | |
r-devel-linux-x86_64-debian-gcc | 0.2.0 | 286.01 | 126.12 | 412.13 | NOTE | |
r-devel-linux-x86_64-fedora-clang | 0.2.0 | 697.48 | NOTE | |||
r-devel-linux-x86_64-fedora-gcc | 0.2.0 | 951.99 | NOTE | |||
r-devel-windows-x86_64 | 0.2.0 | 342.00 | 182.00 | 524.00 | NOTE | |
r-patched-linux-x86_64 | 0.2.0 | 368.77 | 165.99 | 534.76 | NOTE | |
r-release-linux-x86_64 | 0.2.0 | 354.28 | 165.14 | 519.42 | NOTE | |
r-release-macos-arm64 | 0.2.0 | 168.00 | NOTE | |||
r-release-macos-x86_64 | 0.2.0 | 223.00 | NOTE | |||
r-release-windows-x86_64 | 0.2.0 | 358.00 | 190.00 | 548.00 | NOTE | |
r-oldrel-macos-arm64 | 0.2.0 | 102.00 | NOTE | |||
r-oldrel-macos-x86_64 | 0.2.0 | 120.00 | NOTE | |||
r-oldrel-windows-x86_64 | 0.2.0 | 408.00 | 236.00 | 644.00 | NOTE |
Version: 0.2.0
Check: DESCRIPTION meta-information
Result: NOTE
Missing dependency on R >= 4.1.0 because package code uses the pipe
|> or function shorthand \(...) syntax added in R 4.1.0.
File(s) using such syntax:
‘getPrevalence.R’
Flavors: r-devel-linux-x86_64-debian-clang, r-devel-linux-x86_64-debian-gcc, r-devel-linux-x86_64-fedora-clang, r-devel-linux-x86_64-fedora-gcc, r-devel-windows-x86_64, r-patched-linux-x86_64, r-release-linux-x86_64, r-release-macos-arm64, r-release-macos-x86_64, r-release-windows-x86_64
Version: 0.2.0
Check: dependencies in R code
Result: NOTE
Namespaces in Imports field not imported from:
‘RcppParallel’ ‘rstantools’
All declared Imports should be used.
Flavors: r-devel-linux-x86_64-fedora-clang, r-devel-linux-x86_64-fedora-gcc
Version: 0.2.0
Check: installed package size
Result: NOTE
installed size is 63.0Mb
sub-directories of 1Mb or more:
libs 62.6Mb
Flavors: r-oldrel-macos-arm64, r-oldrel-macos-x86_64
Version: 0.2.0
Check: for GNU extensions in Makefiles
Result: NOTE
GNU make is a SystemRequirements.
Flavors: r-oldrel-macos-arm64, r-oldrel-macos-x86_64, r-oldrel-windows-x86_64