Last updated on 2025-07-04 21:50:11 CEST.
Flavor | Version | Tinstall | Tcheck | Ttotal | Status | Flags |
---|---|---|---|---|---|---|
r-devel-linux-x86_64-debian-clang | 4.1-2 | 4.01 | 20.21 | 24.22 | NOTE | |
r-devel-linux-x86_64-debian-gcc | 4.1-2 | 3.14 | 16.46 | 19.60 | NOTE | |
r-devel-linux-x86_64-fedora-clang | 4.1-2 | 37.73 | OK | |||
r-devel-linux-x86_64-fedora-gcc | 4.1-2 | 36.73 | OK | |||
r-devel-windows-x86_64 | 4.1-2 | 7.00 | 47.00 | 54.00 | OK | |
r-patched-linux-x86_64 | 4.1-2 | 3.95 | 18.92 | 22.87 | OK | |
r-release-linux-x86_64 | 4.1-2 | 4.09 | 19.03 | 23.12 | OK | |
r-release-macos-arm64 | 4.1-2 | 16.00 | OK | |||
r-release-macos-x86_64 | 4.1-2 | 26.00 | OK | |||
r-release-windows-x86_64 | 4.1-2 | 9.00 | 47.00 | 56.00 | OK | |
r-oldrel-macos-arm64 | 4.1-2 | 17.00 | OK | |||
r-oldrel-macos-x86_64 | 4.1-2 | 24.00 | OK | |||
r-oldrel-windows-x86_64 | 4.1-2 | 9.00 | 50.00 | 59.00 | OK |
Version: 4.1-2
Check: CRAN incoming feasibility
Result: NOTE
Maintainer: ‘Shan Ba <shanbatr@gmail.com>’
No Authors@R field in DESCRIPTION.
Please add one, modifying
Authors@R: c(person(given = "Shan",
family = "Ba",
role = c("aut", "cre"),
email = "shanbatr@gmail.com"),
person(given = c("V.", "Roshan"),
family = "Joseph",
role = "aut"))
as necessary.
Flavors: r-devel-linux-x86_64-debian-clang, r-devel-linux-x86_64-debian-gcc