Last updated on 2025-07-03 21:48:45 CEST.
Flavor | Version | Tinstall | Tcheck | Ttotal | Status | Flags |
---|---|---|---|---|---|---|
r-devel-linux-x86_64-debian-clang | 1.2.1 | 7.07 | 95.67 | 102.74 | OK | |
r-devel-linux-x86_64-debian-gcc | 1.2.1 | 4.76 | 68.87 | 73.63 | OK | |
r-devel-linux-x86_64-fedora-clang | 1.2.1 | 162.45 | OK | |||
r-devel-linux-x86_64-fedora-gcc | 1.2.1 | 165.56 | OK | |||
r-devel-windows-x86_64 | 1.2.1 | 9.00 | 110.00 | 119.00 | OK | |
r-patched-linux-x86_64 | 1.2.1 | 7.95 | 87.14 | 95.09 | ERROR | |
r-release-linux-x86_64 | 1.2.1 | 7.06 | 88.10 | 95.16 | OK | |
r-release-macos-arm64 | 1.2.1 | 60.00 | OK | |||
r-release-macos-x86_64 | 1.2.1 | 105.00 | OK | |||
r-release-windows-x86_64 | 1.2.1 | 11.00 | 109.00 | 120.00 | OK | |
r-oldrel-macos-arm64 | 1.2.1 | 65.00 | OK | |||
r-oldrel-macos-x86_64 | 1.2.1 | 120.00 | OK | |||
r-oldrel-windows-x86_64 | 1.2.1 | 12.00 | 146.00 | 158.00 | OK |
Version: 1.2.1
Check: re-building of vignette outputs
Result: ERROR
Error(s) in re-building vignettes:
...
--- re-building ‘ecotox-schema.Rmd’ using rmarkdown
--- finished re-building ‘ecotox-schema.Rmd’
--- re-building ‘reproducibility.Rmd’ using rmarkdown
--- finished re-building ‘reproducibility.Rmd’
--- re-building ‘sanitising-ecotox.Rmd’ using rmarkdown
--- finished re-building ‘sanitising-ecotox.Rmd’
--- re-building ‘searching-ecotox.Rmd’ using rmarkdown
Quitting from searching-ecotox.Rmd:99-112 [unnamed-chunk-6]
~~~~~~~~~~~~~~~~~~~~~~~~~~~~~~~~~~~~~~~~~~~~~~~~~~~~~~~~~~~~~~~~~~~~~~~~~~~~~~~~
NULL
~~~~~~~~~~~~~~~~~~~~~~~~~~~~~~~~~~~~~~~~~~~~~~~~~~~~~~~~~~~~~~~~~~~~~~~~~~~~~~~~
Error: processing vignette 'searching-ecotox.Rmd' failed with diagnostics:
Failed to perform HTTP request.
Caused by error in `curl::curl_fetch_memory()`:
! Failure when receiving data from the peer [cfpub.epa.gov]:
Recv failure: Connection reset by peer
--- failed re-building ‘searching-ecotox.Rmd’
SUMMARY: processing the following file failed:
‘searching-ecotox.Rmd’
Error: Vignette re-building failed.
Execution halted
Flavor: r-patched-linux-x86_64