Last updated on 2025-07-04 07:49:46 CEST.
Flavor | Version | Tinstall | Tcheck | Ttotal | Status | Flags |
---|---|---|---|---|---|---|
r-devel-linux-x86_64-debian-clang | 1.15.30 | 155.20 | 218.53 | 373.73 | OK | |
r-devel-linux-x86_64-debian-gcc | 1.15.30 | 106.90 | 135.88 | 242.78 | OK | |
r-devel-linux-x86_64-fedora-clang | 1.15.30 | 567.97 | OK | |||
r-devel-linux-x86_64-fedora-gcc | 1.15.30 | 558.23 | OK | |||
r-devel-windows-x86_64 | 1.15.30 | 155.00 | 282.00 | 437.00 | OK | |
r-patched-linux-x86_64 | 1.15.30 | 160.22 | 213.84 | 374.06 | OK | |
r-release-linux-x86_64 | 1.15.30 | 149.69 | 207.95 | 357.64 | OK | |
r-release-macos-arm64 | 1.15.30 | 136.00 | OK | |||
r-release-macos-x86_64 | 1.15.30 | 239.00 | OK | |||
r-release-windows-x86_64 | 1.15.30 | 158.00 | 280.00 | 438.00 | OK | |
r-oldrel-macos-arm64 | 1.15.30 | 140.00 | NOTE | |||
r-oldrel-macos-x86_64 | 1.15.30 | 250.00 | NOTE | |||
r-oldrel-windows-x86_64 | 1.15.30 | 201.00 | 360.00 | 561.00 | OK |
Version: 1.15.30
Check: installed package size
Result: NOTE
installed size is 11.6Mb
sub-directories of 1Mb or more:
R 3.1Mb
libs 7.4Mb
Flavors: r-oldrel-macos-arm64, r-oldrel-macos-x86_64