CRAN Package Check Results for Package yll

Last updated on 2025-07-17 17:50:32 CEST.

Flavor Version Tinstall Tcheck Ttotal Status Flags
r-devel-linux-x86_64-debian-clang 1.0.0 1.60 19.02 20.62 OK
r-devel-linux-x86_64-debian-gcc 1.0.0 1.37 16.25 17.62 OK
r-devel-linux-x86_64-fedora-clang 1.0.0 31.16 OK
r-devel-linux-x86_64-fedora-gcc 1.0.0 28.22 OK
r-devel-windows-x86_64 1.0.0 3.00 41.00 44.00 OK
r-patched-linux-x86_64 1.0.0 1.70 17.11 18.81 OK
r-release-linux-x86_64 1.0.0 1.66 16.96 18.62 OK
r-release-macos-arm64 1.0.0 15.00 OK
r-release-macos-x86_64 1.0.0 25.00 OK
r-release-windows-x86_64 1.0.0 3.00 39.00 42.00 OK
r-oldrel-macos-arm64 1.0.0 13.00 NOTE
r-oldrel-macos-x86_64 1.0.0 20.00 NOTE
r-oldrel-windows-x86_64 1.0.0 4.00 44.00 48.00 NOTE

Check Details

Version: 1.0.0
Check: LazyData
Result: NOTE 'LazyData' is specified without a 'data' directory Flavors: r-oldrel-macos-arm64, r-oldrel-macos-x86_64, r-oldrel-windows-x86_64