Last updated on 2025-07-05 22:50:44 CEST.
Flavor | Version | Tinstall | Tcheck | Ttotal | Status | Flags |
---|---|---|---|---|---|---|
r-devel-linux-x86_64-debian-clang | 0.1 | 2.83 | 27.58 | 30.41 | NOTE | |
r-devel-linux-x86_64-debian-gcc | 0.1 | 1.95 | 21.26 | 23.21 | NOTE | |
r-devel-linux-x86_64-fedora-clang | 0.1 | 45.91 | OK | |||
r-devel-linux-x86_64-fedora-gcc | 0.1 | 44.31 | OK | |||
r-devel-windows-x86_64 | 0.1 | 4.00 | 45.00 | 49.00 | OK | |
r-patched-linux-x86_64 | 0.1 | 2.73 | 25.92 | 28.65 | OK | |
r-release-linux-x86_64 | 0.1 | 2.44 | 25.66 | 28.10 | OK | |
r-release-macos-arm64 | 0.1 | 20.00 | OK | |||
r-release-macos-x86_64 | 0.1 | 31.00 | OK | |||
r-release-windows-x86_64 | 0.1 | 4.00 | 47.00 | 51.00 | OK | |
r-oldrel-macos-arm64 | 0.1 | 19.00 | OK | |||
r-oldrel-macos-x86_64 | 0.1 | 26.00 | OK | |||
r-oldrel-windows-x86_64 | 0.1 | 5.00 | 52.00 | 57.00 | OK |
Version: 0.1
Check: CRAN incoming feasibility
Result: NOTE
Maintainer: ‘Han Yu <hyu9@buffalo.edu>’
No Authors@R field in DESCRIPTION.
Please add one, modifying
Authors@R: c(person(given = "Han",
family = "Yu",
role = c("aut", "cre"),
email = "hyu9@buffalo.edu"),
person(given = c("Rachael", "Hageman"),
family = "Blair",
role = "aut"))
as necessary.
Flavors: r-devel-linux-x86_64-debian-clang, r-devel-linux-x86_64-debian-gcc