Last updated on 2025-07-04 15:48:48 CEST.
Flavor | Version | Tinstall | Tcheck | Ttotal | Status | Flags |
---|---|---|---|---|---|---|
r-devel-linux-x86_64-debian-clang | 1.9.1 | 15.38 | 74.88 | 90.26 | OK | |
r-devel-linux-x86_64-debian-gcc | 1.9.1 | 10.16 | 54.76 | 64.92 | OK | |
r-devel-linux-x86_64-fedora-clang | 1.9.1 | 136.58 | OK | |||
r-devel-linux-x86_64-fedora-gcc | 1.9.1 | 129.52 | OK | |||
r-devel-windows-x86_64 | 1.9.1 | 18.00 | 82.00 | 100.00 | OK | |
r-patched-linux-x86_64 | 1.9.1 | 13.21 | 70.61 | 83.82 | OK | |
r-release-linux-x86_64 | 1.9.1 | 14.59 | 68.72 | 83.31 | OK | |
r-release-macos-arm64 | 1.9.1 | 44.00 | OK | |||
r-release-macos-x86_64 | 1.9.1 | 84.00 | OK | |||
r-release-windows-x86_64 | 1.9.1 | 18.00 | 84.00 | 102.00 | OK | |
r-oldrel-macos-arm64 | 1.9.1 | 40.00 | NOTE | |||
r-oldrel-macos-x86_64 | 1.9.1 | 57.00 | NOTE | |||
r-oldrel-windows-x86_64 | 1.9.1 | 23.00 | 103.00 | 126.00 | NOTE |
Version: 1.9.1
Check: LazyData
Result: NOTE
'LazyData' is specified without a 'data' directory
Flavors: r-oldrel-macos-arm64, r-oldrel-macos-x86_64, r-oldrel-windows-x86_64