Last updated on 2025-07-05 16:48:42 CEST.
Flavor | Version | Tinstall | Tcheck | Ttotal | Status | Flags |
---|---|---|---|---|---|---|
r-devel-linux-x86_64-debian-clang | 1.1.1 | 96.63 | 66.63 | 163.26 | OK | |
r-devel-linux-x86_64-debian-gcc | 1.1.1 | 77.78 | 49.82 | 127.60 | OK | |
r-devel-linux-x86_64-fedora-clang | 1.1.1 | 258.13 | OK | |||
r-devel-linux-x86_64-fedora-gcc | 1.1.1 | 301.91 | OK | |||
r-devel-windows-x86_64 | 1.1.1 | 188.00 | 240.00 | 428.00 | OK | |
r-patched-linux-x86_64 | 1.1.1 | 97.23 | 63.15 | 160.38 | OK | |
r-release-linux-x86_64 | 1.1.1 | 96.40 | 63.23 | 159.63 | OK | |
r-release-macos-arm64 | 1.1.0 | 99.00 | OK | |||
r-release-macos-x86_64 | 1.1.1 | 129.00 | OK | |||
r-release-windows-x86_64 | 1.1.1 | 200.00 | 296.00 | 496.00 | OK | |
r-oldrel-macos-arm64 | 1.1.0 | 93.00 | NOTE | |||
r-oldrel-macos-x86_64 | 1.1.1 | 131.00 | NOTE | |||
r-oldrel-windows-x86_64 | 1.1.1 | 227.00 | 348.00 | 575.00 | NOTE |
Version: 1.1.0
Check: installed package size
Result: NOTE
installed size is 27.0Mb
sub-directories of 1Mb or more:
extdata 1.6Mb
libs 25.1Mb
Flavor: r-oldrel-macos-arm64
Version: 1.1.0
Check: for GNU extensions in Makefiles
Result: NOTE
GNU make is a SystemRequirements.
Flavor: r-oldrel-macos-arm64
Version: 1.1.1
Check: installed package size
Result: NOTE
installed size is 28.6Mb
sub-directories of 1Mb or more:
extdata 1.6Mb
libs 26.7Mb
Flavors: r-oldrel-macos-x86_64, r-oldrel-windows-x86_64
Version: 1.1.1
Check: for GNU extensions in Makefiles
Result: NOTE
GNU make is a SystemRequirements.
Flavors: r-oldrel-macos-x86_64, r-oldrel-windows-x86_64