Last updated on 2025-07-05 22:50:44 CEST.
Flavor | Version | Tinstall | Tcheck | Ttotal | Status | Flags |
---|---|---|---|---|---|---|
r-devel-linux-x86_64-debian-clang | 0.2.2 | 2.63 | 32.99 | 35.62 | NOTE | |
r-devel-linux-x86_64-debian-gcc | 0.2.2 | 2.02 | 26.36 | 28.38 | NOTE | |
r-devel-linux-x86_64-fedora-clang | 0.2.2 | 55.25 | OK | |||
r-devel-linux-x86_64-fedora-gcc | 0.2.2 | 67.58 | OK | |||
r-devel-windows-x86_64 | 0.2.2 | 5.00 | 56.00 | 61.00 | OK | |
r-patched-linux-x86_64 | 0.2.2 | 3.08 | 30.37 | 33.45 | OK | |
r-release-linux-x86_64 | 0.2.2 | 2.58 | 29.79 | 32.37 | OK | |
r-release-macos-arm64 | 0.2.2 | 26.00 | OK | |||
r-release-macos-x86_64 | 0.2.2 | 42.00 | OK | |||
r-release-windows-x86_64 | 0.2.2 | 4.00 | 57.00 | 61.00 | OK | |
r-oldrel-macos-arm64 | 0.2.2 | 26.00 | OK | |||
r-oldrel-macos-x86_64 | 0.2.2 | 36.00 | OK | |||
r-oldrel-windows-x86_64 | 0.2.2 | 6.00 | 64.00 | 70.00 | OK |
Version: 0.2.2
Check: CRAN incoming feasibility
Result: NOTE
Maintainer: ‘Gaurav Sood <gsood07@gmail.com>’
Package CITATION file contains call(s) to old-style personList() or
as.personList(). Please use c() on person objects instead.
Package CITATION file contains call(s) to old-style citEntry(). Please
use bibentry() instead.
Flavors: r-devel-linux-x86_64-debian-clang, r-devel-linux-x86_64-debian-gcc