Last updated on 2025-07-17 10:49:14 CEST.
Flavor | Version | Tinstall | Tcheck | Ttotal | Status | Flags |
---|---|---|---|---|---|---|
r-devel-linux-x86_64-debian-clang | 0.4.1 | 14.90 | 89.84 | 104.74 | NOTE | |
r-devel-linux-x86_64-debian-gcc | 0.4.1 | 9.74 | 60.92 | 70.66 | NOTE | |
r-devel-linux-x86_64-fedora-clang | 0.4.1 | 171.96 | NOTE | |||
r-devel-linux-x86_64-fedora-gcc | 0.4.1 | 160.13 | NOTE | |||
r-devel-windows-x86_64 | 0.4.1 | 18.00 | 94.00 | 112.00 | NOTE | |
r-patched-linux-x86_64 | 0.4.1 | 13.63 | 82.54 | 96.17 | NOTE | |
r-release-linux-x86_64 | 0.4.1 | 13.98 | 82.41 | 96.39 | NOTE | |
r-release-macos-arm64 | 0.4.1 | 44.00 | NOTE | |||
r-release-macos-x86_64 | 0.4.1 | 75.00 | NOTE | |||
r-release-windows-x86_64 | 0.4.1 | 19.00 | 97.00 | 116.00 | NOTE | |
r-oldrel-macos-arm64 | 0.4.1 | 43.00 | OK | |||
r-oldrel-macos-x86_64 | 0.4.1 | 62.00 | OK | |||
r-oldrel-windows-x86_64 | 0.4.1 | 23.00 | 121.00 | 144.00 | OK |
Version: 0.4.1
Check: DESCRIPTION meta-information
Result: NOTE
Missing dependency on R >= 4.1.0 because package code uses the pipe
|> or function shorthand \(...) syntax added in R 4.1.0.
File(s) using such syntax:
‘functions_upload.R’ ‘mod_hidecan.R’
Flavors: r-devel-linux-x86_64-debian-clang, r-devel-linux-x86_64-debian-gcc, r-devel-linux-x86_64-fedora-clang, r-devel-linux-x86_64-fedora-gcc, r-devel-windows-x86_64, r-patched-linux-x86_64, r-release-linux-x86_64, r-release-macos-arm64, r-release-macos-x86_64, r-release-windows-x86_64