Last updated on 2025-07-17 10:49:14 CEST.
Flavor | Version | Tinstall | Tcheck | Ttotal | Status | Flags |
---|---|---|---|---|---|---|
r-devel-linux-x86_64-debian-clang | 1.0.6 | 64.67 | 183.79 | 248.46 | OK | |
r-devel-linux-x86_64-debian-gcc | 1.0.6 | 45.86 | 142.08 | 187.94 | OK | |
r-devel-linux-x86_64-fedora-clang | 1.0.6 | 410.18 | OK | |||
r-devel-linux-x86_64-fedora-gcc | 1.0.6 | 406.99 | OK | |||
r-devel-windows-x86_64 | 1.0.6 | 68.00 | 193.00 | 261.00 | OK | |
r-patched-linux-x86_64 | 1.0.6 | 67.07 | 175.81 | 242.88 | OK | |
r-release-linux-x86_64 | 1.0.6 | 67.06 | 179.48 | 246.54 | OK | |
r-release-macos-arm64 | 1.0.6 | 173.00 | OK | |||
r-release-macos-x86_64 | 1.0.6 | 270.00 | OK | |||
r-release-windows-x86_64 | 1.0.6 | 68.00 | 185.00 | 253.00 | OK | |
r-oldrel-macos-arm64 | 1.0.6 | 108.00 | NOTE | |||
r-oldrel-macos-x86_64 | 1.0.6 | 204.00 | NOTE | |||
r-oldrel-windows-x86_64 | 1.0.6 | 86.00 | 261.00 | 347.00 | OK |
Version: 1.0.6
Check: installed package size
Result: NOTE
installed size is 7.2Mb
sub-directories of 1Mb or more:
libs 6.7Mb
Flavors: r-oldrel-macos-arm64, r-oldrel-macos-x86_64