Last updated on 2025-07-05 22:50:43 CEST.
Flavor | Version | Tinstall | Tcheck | Ttotal | Status | Flags |
---|---|---|---|---|---|---|
r-devel-linux-x86_64-debian-clang | 0.11.0 | 80.33 | 63.52 | 143.85 | OK | |
r-devel-linux-x86_64-debian-gcc | 0.11.0 | 62.93 | 45.64 | 108.57 | OK | |
r-devel-linux-x86_64-fedora-clang | 0.11.0 | 266.20 | OK | |||
r-devel-linux-x86_64-fedora-gcc | 0.11.0 | 293.09 | OK | |||
r-devel-windows-x86_64 | 0.11.0 | 114.00 | 613.00 | 727.00 | OK | |
r-patched-linux-x86_64 | 0.11.0 | 89.49 | 57.19 | 146.68 | OK | |
r-release-linux-x86_64 | 0.11.0 | 84.92 | 59.45 | 144.37 | OK | |
r-release-macos-arm64 | 0.11.0 | 75.00 | OK | |||
r-release-macos-x86_64 | 0.11.0 | 152.00 | OK | |||
r-release-windows-x86_64 | 0.11.0 | 125.00 | 627.00 | 752.00 | OK | |
r-oldrel-macos-arm64 | 0.11.0 | 187.00 | NOTE | |||
r-oldrel-macos-x86_64 | 0.11.0 | 160.00 | NOTE | |||
r-oldrel-windows-x86_64 | 0.11.0 | 121.00 | 855.00 | 976.00 | NOTE |
Version: 0.11.0
Check: installed package size
Result: NOTE
installed size is 62.5Mb
sub-directories of 1Mb or more:
extdata 2.8Mb
libs 58.2Mb
Flavors: r-oldrel-macos-arm64, r-oldrel-macos-x86_64, r-oldrel-windows-x86_64