CRAN Package Check Results for Package utc

Last updated on 2025-10-10 08:50:27 CEST.

Flavor Version Tinstall Tcheck Ttotal Status Flags
r-devel-linux-x86_64-debian-clang 0.1.5 1.57 20.21 21.78 NOTE
r-devel-linux-x86_64-debian-gcc 0.1.5 1.31 16.94 18.25 NOTE
r-devel-linux-x86_64-fedora-clang 0.1.5 32.95 OK
r-devel-linux-x86_64-fedora-gcc 0.1.5 30.36 OK
r-devel-windows-x86_64 0.1.5 4.00 45.00 49.00 OK
r-patched-linux-x86_64 0.1.5 1.58 19.32 20.90 OK
r-release-linux-x86_64 0.1.5 1.60 19.24 20.84 OK
r-release-macos-arm64 0.1.5 16.00 OK
r-release-macos-x86_64 0.1.5 26.00 OK
r-release-windows-x86_64 0.1.5 2.00 46.00 48.00 OK
r-oldrel-macos-arm64 0.1.5 15.00 OK
r-oldrel-macos-x86_64 0.1.5 20.00 OK
r-oldrel-windows-x86_64 0.1.5 5.00 46.00 51.00 OK

Check Details

Version: 0.1.5
Check: CRAN incoming feasibility
Result: NOTE Maintainer: ‘Antonio J. Segura <segura.antonioj@gmail.com>’ No Authors@R field in DESCRIPTION. Please add one, modifying Authors@R: person(given = c("Antonio", "J."), family = "Segura", role = c("aut", "cre"), email = "segura.antonioj@gmail.com") as necessary. Flavors: r-devel-linux-x86_64-debian-clang, r-devel-linux-x86_64-debian-gcc