CRAN Package Check Results for Package usfertilizer

Last updated on 2025-07-04 22:49:40 CEST.

Flavor Version Tinstall Tcheck Ttotal Status Flags
r-devel-linux-x86_64-debian-clang 0.1.5 1.90 46.51 48.41 OK
r-devel-linux-x86_64-debian-gcc 0.1.5 1.31 34.80 36.11 OK
r-devel-linux-x86_64-fedora-clang 0.1.5 73.14 NOTE
r-devel-linux-x86_64-fedora-gcc 0.1.5 86.83 NOTE
r-devel-windows-x86_64 0.1.5 4.00 61.00 65.00 OK
r-patched-linux-x86_64 0.1.5 1.88 46.38 48.26 OK
r-release-linux-x86_64 0.1.5 1.63 45.61 47.24 OK
r-release-macos-arm64 0.1.5 35.00 OK
r-release-macos-x86_64 0.1.5 70.00 OK
r-release-windows-x86_64 0.1.5 4.00 62.00 66.00 OK
r-oldrel-macos-arm64 0.1.5 39.00 OK
r-oldrel-macos-x86_64 0.1.5 52.00 OK
r-oldrel-windows-x86_64 0.1.5 5.00 72.00 77.00 OK

Check Details

Version: 0.1.5
Check: dependencies in R code
Result: NOTE Namespace in Imports field not imported from: ‘tidyverse’ All declared Imports should be used. Flavors: r-devel-linux-x86_64-fedora-clang, r-devel-linux-x86_64-fedora-gcc