Last updated on 2025-10-10 14:50:00 CEST.
Flavor | Version | Tinstall | Tcheck | Ttotal | Status | Flags |
---|---|---|---|---|---|---|
r-devel-linux-x86_64-debian-clang | 1.1.0 | 41.42 | 148.14 | 189.56 | OK | |
r-devel-linux-x86_64-debian-gcc | 1.1.0 | 29.89 | 103.56 | 133.45 | OK | |
r-devel-linux-x86_64-fedora-clang | 1.1.0 | 303.61 | OK | |||
r-devel-linux-x86_64-fedora-gcc | 1.1.0 | 297.44 | OK | |||
r-devel-windows-x86_64 | 1.1.0 | 40.00 | 144.00 | 184.00 | OK | |
r-patched-linux-x86_64 | 1.1.0 | 39.76 | 138.47 | 178.23 | OK | |
r-release-linux-x86_64 | 1.1.0 | 38.81 | 137.40 | 176.21 | OK | |
r-release-macos-arm64 | 1.1.0 | 85.00 | OK | |||
r-release-macos-x86_64 | 1.1.0 | 210.00 | OK | |||
r-release-windows-x86_64 | 1.1.0 | 42.00 | 143.00 | 185.00 | OK | |
r-oldrel-macos-arm64 | 1.1.0 | 89.00 | OK | |||
r-oldrel-macos-x86_64 | 1.1.0 | 224.00 | OK | |||
r-oldrel-windows-x86_64 | 1.1.0 | 60.00 | 184.00 | 244.00 | ERROR |
Version: 1.1.0
Check: re-building of vignette outputs
Result: ERROR
Error(s) in re-building vignettes:
--- re-building 'user_sample_1.Rmd' using rmarkdown
File figure/plot_counter_1-1.png not found in resource path
Error: processing vignette 'user_sample_1.Rmd' failed with diagnostics:
pandoc document conversion failed with error 99
--- failed re-building 'user_sample_1.Rmd'
--- re-building 'user_sample_2.Rmd' using rmarkdown
--- finished re-building 'user_sample_2.Rmd'
--- re-building 'user_sample_3.Rmd' using rmarkdown
File figure/bias_plot-1.png not found in resource path
Error: processing vignette 'user_sample_3.Rmd' failed with diagnostics:
pandoc document conversion failed with error 99
--- failed re-building 'user_sample_3.Rmd'
SUMMARY: processing the following files failed:
'user_sample_1.Rmd' 'user_sample_3.Rmd'
Error: Vignette re-building failed.
Execution halted
Flavor: r-oldrel-windows-x86_64