CRAN Package Check Results for Package twosigma

Last updated on 2025-07-04 18:49:37 CEST.

Flavor Version Tinstall Tcheck Ttotal Status Flags
r-devel-linux-x86_64-debian-clang 1.0.2 9.59 81.79 91.38 NOTE
r-devel-linux-x86_64-debian-gcc 1.0.2 7.85 64.35 72.20 NOTE
r-devel-linux-x86_64-fedora-clang 1.0.2 157.69 NOTE
r-devel-linux-x86_64-fedora-gcc 1.0.2 146.89 NOTE
r-devel-windows-x86_64 1.0.2 10.00 93.00 103.00 NOTE
r-patched-linux-x86_64 1.0.2 11.02 78.94 89.96 NOTE
r-release-linux-x86_64 1.0.2 9.87 78.15 88.02 NOTE
r-release-macos-arm64 1.0.2 50.00 NOTE
r-release-macos-x86_64 1.0.2 80.00 NOTE
r-release-windows-x86_64 1.0.2 11.00 93.00 104.00 NOTE
r-oldrel-macos-arm64 1.0.2 41.00 NOTE
r-oldrel-macos-x86_64 1.0.2 59.00 NOTE
r-oldrel-windows-x86_64 1.0.2 15.00 117.00 132.00 NOTE

Check Details

Version: 1.0.2
Check: Rd files
Result: NOTE checkRd: (-1) twosigmag.Rd:83: Lost braces in \itemize; \value handles \item{}{} directly checkRd: (-1) twosigmag.Rd:84: Lost braces in \itemize; \value handles \item{}{} directly checkRd: (-1) twosigmag.Rd:85: Lost braces in \itemize; \value handles \item{}{} directly checkRd: (-1) twosigmag.Rd:86: Lost braces in \itemize; \value handles \item{}{} directly checkRd: (-1) twosigmag.Rd:87: Lost braces in \itemize; \value handles \item{}{} directly checkRd: (-1) twosigmag.Rd:88: Lost braces in \itemize; \value handles \item{}{} directly checkRd: (-1) twosigmag.Rd:89: Lost braces in \itemize; \value handles \item{}{} directly checkRd: (-1) twosigmag.Rd:90: Lost braces in \itemize; \value handles \item{}{} directly checkRd: (-1) twosigmag.Rd:91: Lost braces in \itemize; \value handles \item{}{} directly checkRd: (-1) twosigmag.Rd:92: Lost braces in \itemize; \value handles \item{}{} directly checkRd: (-1) twosigmag.Rd:94: Lost braces in \itemize; \value handles \item{}{} directly checkRd: (-1) twosigmag.Rd:95: Lost braces in \itemize; \value handles \item{}{} directly checkRd: (-1) twosigmag.Rd:96: Lost braces in \itemize; \value handles \item{}{} directly Flavors: r-devel-linux-x86_64-debian-clang, r-devel-linux-x86_64-debian-gcc, r-devel-linux-x86_64-fedora-clang, r-devel-linux-x86_64-fedora-gcc, r-devel-windows-x86_64, r-patched-linux-x86_64, r-release-linux-x86_64, r-release-macos-arm64, r-release-macos-x86_64, r-release-windows-x86_64, r-oldrel-macos-arm64, r-oldrel-macos-x86_64, r-oldrel-windows-x86_64