Last updated on 2025-07-05 22:50:43 CEST.
Flavor | Version | Tinstall | Tcheck | Ttotal | Status | Flags |
---|---|---|---|---|---|---|
r-devel-linux-x86_64-debian-clang | 1.0.0 | 45.67 | 23.01 | 68.68 | OK | |
r-devel-linux-x86_64-debian-gcc | 1.0.0 | 39.21 | 22.25 | 61.46 | OK | |
r-devel-linux-x86_64-fedora-clang | 1.0.0 | 124.28 | OK | |||
r-devel-linux-x86_64-fedora-gcc | 1.0.0 | 137.06 | OK | |||
r-devel-windows-x86_64 | 1.0.0 | 47.00 | 67.00 | 114.00 | OK | |
r-patched-linux-x86_64 | 1.0.0 | 53.77 | 26.16 | 79.93 | OK | |
r-release-linux-x86_64 | 1.0.0 | 49.89 | 25.83 | 75.72 | OK | |
r-release-macos-arm64 | 1.0.0 | 37.00 | OK | |||
r-release-macos-x86_64 | 1.0.0 | 55.00 | OK | |||
r-release-windows-x86_64 | 1.0.0 | 50.00 | 67.00 | 117.00 | OK | |
r-oldrel-macos-arm64 | 1.0.0 | 38.00 | NOTE | |||
r-oldrel-macos-x86_64 | 1.0.0 | 73.00 | NOTE | |||
r-oldrel-windows-x86_64 | 1.0.0 | 58.00 | 88.00 | 146.00 | OK |
Version: 1.0.0
Check: installed package size
Result: NOTE
installed size is 19.2Mb
sub-directories of 1Mb or more:
libs 19.1Mb
Flavors: r-oldrel-macos-arm64, r-oldrel-macos-x86_64