Last updated on 2025-07-04 11:50:42 CEST.
Flavor | Version | Tinstall | Tcheck | Ttotal | Status | Flags |
---|---|---|---|---|---|---|
r-devel-linux-x86_64-debian-clang | 0.2.0 | 596.80 | 254.84 | 851.64 | OK | |
r-devel-linux-x86_64-debian-gcc | 0.2.0 | 503.48 | 217.15 | 720.63 | OK | |
r-devel-linux-x86_64-fedora-clang | 0.2.0 | 1252.89 | OK | |||
r-devel-linux-x86_64-fedora-gcc | 0.2.0 | 1586.99 | OK | |||
r-devel-windows-x86_64 | 0.2.0 | 545.00 | 356.00 | 901.00 | OK | |
r-patched-linux-x86_64 | 0.2.0 | 611.69 | 296.06 | 907.75 | OK | |
r-release-linux-x86_64 | 0.2.0 | 602.76 | 292.67 | 895.43 | OK | |
r-release-macos-arm64 | 0.2.0 | 218.00 | OK | |||
r-release-macos-x86_64 | 0.2.0 | 291.00 | OK | |||
r-release-windows-x86_64 | 0.2.0 | 540.00 | 363.00 | 903.00 | OK | |
r-oldrel-macos-arm64 | 0.2.0 | 252.00 | NOTE | |||
r-oldrel-macos-x86_64 | 0.2.0 | 294.00 | NOTE | |||
r-oldrel-windows-x86_64 | 0.2.0 | 644.00 | 483.00 | 1127.00 | NOTE |
Version: 0.2.0
Check: installed package size
Result: NOTE
installed size is 109.0Mb
sub-directories of 1Mb or more:
libs 107.9Mb
Flavors: r-oldrel-macos-arm64, r-oldrel-macos-x86_64, r-oldrel-windows-x86_64
Version: 0.2.0
Check: for GNU extensions in Makefiles
Result: NOTE
GNU make is a SystemRequirements.
Flavors: r-oldrel-macos-arm64, r-oldrel-macos-x86_64