Last updated on 2025-07-03 17:52:27 CEST.
Flavor | Version | Tinstall | Tcheck | Ttotal | Status | Flags |
---|---|---|---|---|---|---|
r-devel-linux-x86_64-debian-clang | 1.0.5 | 14.67 | 68.89 | 83.56 | NOTE | |
r-devel-linux-x86_64-debian-gcc | 1.0.5 | 10.79 | 50.32 | 61.11 | NOTE | |
r-devel-linux-x86_64-fedora-clang | 1.0.5 | 141.28 | OK | |||
r-devel-linux-x86_64-fedora-gcc | 1.0.5 | 142.53 | OK | |||
r-devel-windows-x86_64 | 1.0.5 | 21.00 | 95.00 | 116.00 | OK | |
r-patched-linux-x86_64 | 1.0.5 | 14.89 | 63.28 | 78.17 | OK | |
r-release-linux-x86_64 | 1.0.5 | 14.08 | 63.55 | 77.63 | OK | |
r-release-macos-arm64 | 1.0.5 | 44.00 | OK | |||
r-release-macos-x86_64 | 1.0.5 | 79.00 | OK | |||
r-release-windows-x86_64 | 1.0.5 | 20.00 | 101.00 | 121.00 | OK | |
r-oldrel-macos-arm64 | 1.0.5 | 42.00 | OK | |||
r-oldrel-macos-x86_64 | 1.0.5 | 67.00 | OK | |||
r-oldrel-windows-x86_64 | 1.0.5 | 25.00 | 113.00 | 138.00 | OK |
Version: 1.0.5
Check: CRAN incoming feasibility
Result: NOTE
Maintainer: ‘Francisco Martinez <fmartin@ujaen.es>’
The BugReports field in DESCRIPTION has
https://github.com/franciscomartinezdelrio/tsfgrnn
which should likely be
https://github.com/franciscomartinezdelrio/tsfgrnn/issues
instead.
Flavors: r-devel-linux-x86_64-debian-clang, r-devel-linux-x86_64-debian-gcc