CRAN Package Check Results for Package triangulr

Last updated on 2025-10-09 20:50:34 CEST.

Flavor Version Tinstall Tcheck Ttotal Status Flags
r-devel-linux-x86_64-debian-clang 1.2.1 6.56 31.04 37.60 NOTE
r-devel-linux-x86_64-debian-gcc 1.2.1 4.40 25.07 29.47 NOTE
r-devel-linux-x86_64-fedora-clang 1.2.1 63.38 NOTE
r-devel-linux-x86_64-fedora-gcc 1.2.1 55.54 NOTE
r-devel-windows-x86_64 1.2.1 11.00 55.00 66.00 NOTE
r-patched-linux-x86_64 1.2.1 5.21 28.84 34.05 NOTE
r-release-linux-x86_64 1.2.1 5.99 28.59 34.58 NOTE
r-release-macos-arm64 1.2.1 30.00 NOTE
r-release-macos-x86_64 1.2.1 39.00 NOTE
r-release-windows-x86_64 1.2.1 10.00 53.00 63.00 NOTE
r-oldrel-macos-arm64 1.2.1 23.00 NOTE
r-oldrel-macos-x86_64 1.2.1 31.00 NOTE
r-oldrel-windows-x86_64 1.2.1 12.00 64.00 76.00 NOTE

Check Details

Version: 1.2.1
Check: C++ specification
Result: NOTE Specified C++11: please drop specification unless essential Flavors: r-devel-linux-x86_64-debian-clang, r-devel-linux-x86_64-debian-gcc, r-devel-linux-x86_64-fedora-clang, r-devel-linux-x86_64-fedora-gcc, r-devel-windows-x86_64, r-patched-linux-x86_64, r-release-linux-x86_64, r-release-macos-arm64, r-release-macos-x86_64, r-release-windows-x86_64, r-oldrel-macos-arm64, r-oldrel-macos-x86_64, r-oldrel-windows-x86_64