Last updated on 2025-10-11 01:50:31 CEST.
Flavor | Version | Tinstall | Tcheck | Ttotal | Status | Flags |
---|---|---|---|---|---|---|
r-devel-linux-x86_64-debian-clang | 0.11.1 | 272.86 | 67.75 | 340.61 | OK | |
r-devel-linux-x86_64-debian-gcc | 0.11.1 | 150.04 | 44.57 | 194.61 | OK | |
r-devel-linux-x86_64-fedora-clang | 0.11.1 | 619.36 | OK | |||
r-devel-linux-x86_64-fedora-gcc | 0.11.1 | 526.90 | OK | |||
r-devel-windows-x86_64 | 0.11.1 | 220.00 | 100.00 | 320.00 | OK | |
r-patched-linux-x86_64 | 0.11.1 | 225.97 | 63.73 | 289.70 | OK | |
r-release-linux-x86_64 | 0.11.1 | 225.08 | 64.05 | 289.13 | OK | |
r-release-macos-arm64 | 0.11.1 | 107.00 | OK | |||
r-release-macos-x86_64 | 0.11.1 | 101.00 | OK | |||
r-release-windows-x86_64 | 0.11.1 | 218.00 | 119.00 | 337.00 | OK | |
r-oldrel-macos-arm64 | 0.11.1 | 116.00 | NOTE | |||
r-oldrel-macos-x86_64 | 0.11.1 | 138.00 | NOTE | |||
r-oldrel-windows-x86_64 | 0.11.1 | 265.00 | 131.00 | 396.00 | OK |
Version: 0.11.1
Check: installed package size
Result: NOTE
installed size is 21.9Mb
sub-directories of 1Mb or more:
libs 20.8Mb
Flavors: r-oldrel-macos-arm64, r-oldrel-macos-x86_64