CRAN Package Check Results for Package tracheideR

Last updated on 2025-07-13 08:49:46 CEST.

Flavor Version Tinstall Tcheck Ttotal Status Flags
r-devel-linux-x86_64-debian-clang 0.1.1 2.35 25.07 27.42 NOTE
r-devel-linux-x86_64-debian-gcc 0.1.1 1.73 19.92 21.65 NOTE
r-devel-linux-x86_64-fedora-clang 0.1.1 43.66 OK
r-devel-linux-x86_64-fedora-gcc 0.1.1 42.21 OK
r-devel-windows-x86_64 0.1.1 3.00 52.00 55.00 OK
r-patched-linux-x86_64 0.1.1 2.25 23.45 25.70 OK
r-release-linux-x86_64 0.1.1 2.02 23.33 25.35 OK
r-release-macos-arm64 0.1.1 18.00 OK
r-release-macos-x86_64 0.1.1 30.00 OK
r-release-windows-x86_64 0.1.1 3.00 55.00 58.00 OK
r-oldrel-macos-arm64 0.1.1 19.00 OK
r-oldrel-macos-x86_64 0.1.1 26.00 OK
r-oldrel-windows-x86_64 0.1.1 4.00 55.00 59.00 OK

Check Details

Version: 0.1.1
Check: CRAN incoming feasibility
Result: NOTE Maintainer: ‘Filipe Campelo <fcampelo@uc.pt>’ No Authors@R field in DESCRIPTION. Please add one, modifying Authors@R: person(given = "Filipe", family = "Campelo", role = c("aut", "cre"), email = "fcampelo@uc.pt") as necessary. Flavors: r-devel-linux-x86_64-debian-clang, r-devel-linux-x86_64-debian-gcc