CRAN Package Check Results for Package tower

Last updated on 2025-10-10 09:50:46 CEST.

Flavor Version Tinstall Tcheck Ttotal Status Flags
r-devel-linux-x86_64-debian-clang 0.2.0 1.77 28.14 29.91 NOTE
r-devel-linux-x86_64-debian-gcc 0.2.0 1.60 22.24 23.84 NOTE
r-devel-linux-x86_64-fedora-clang 0.2.0 43.84 NOTE
r-devel-linux-x86_64-fedora-gcc 0.2.0 39.73 NOTE
r-devel-windows-x86_64 0.2.0 3.00 54.00 57.00 NOTE
r-patched-linux-x86_64 0.2.0 2.05 25.06 27.11 NOTE
r-release-linux-x86_64 0.2.0 1.86 25.53 27.39 NOTE
r-release-macos-arm64 0.2.0 22.00 NOTE
r-release-macos-x86_64 0.2.0 33.00 NOTE
r-release-windows-x86_64 0.2.0 3.00 54.00 57.00 NOTE
r-oldrel-macos-arm64 0.2.0 19.00 OK
r-oldrel-macos-x86_64 0.2.0 28.00 OK
r-oldrel-windows-x86_64 0.2.0 5.00 57.00 62.00 OK

Check Details

Version: 0.2.0
Check: DESCRIPTION meta-information
Result: NOTE Missing dependency on R >= 4.1.0 because package code uses the pipe |> or function shorthand \(...) syntax added in R 4.1.0. File(s) using such syntax: ‘response_builder.R’ Flavors: r-devel-linux-x86_64-debian-clang, r-devel-linux-x86_64-debian-gcc, r-devel-linux-x86_64-fedora-clang, r-devel-linux-x86_64-fedora-gcc, r-devel-windows-x86_64, r-patched-linux-x86_64, r-release-linux-x86_64, r-release-macos-arm64, r-release-macos-x86_64, r-release-windows-x86_64