CRAN Package Check Results for Package tidygate

Last updated on 2025-10-09 17:50:54 CEST.

Flavor Version Tinstall Tcheck Ttotal Status Flags
r-devel-linux-x86_64-debian-clang 1.0.14 10.06 84.15 94.21 NOTE
r-devel-linux-x86_64-debian-gcc 1.0.14 6.87 61.02 67.89 NOTE
r-devel-linux-x86_64-fedora-clang 1.0.14 152.44 NOTE
r-devel-linux-x86_64-fedora-gcc 1.0.14 146.46 NOTE
r-devel-windows-x86_64 1.0.14 11.00 94.00 105.00 NOTE
r-patched-linux-x86_64 1.0.14 8.73 76.71 85.44 NOTE
r-release-linux-x86_64 1.0.14 8.05 77.95 86.00 NOTE
r-release-macos-arm64 1.0.14 42.00 NOTE
r-release-macos-x86_64 1.0.14 73.00 NOTE
r-release-windows-x86_64 1.0.14 10.00 92.00 102.00 NOTE
r-oldrel-macos-arm64 1.0.14 42.00 OK
r-oldrel-macos-x86_64 1.0.14 73.00 OK
r-oldrel-windows-x86_64 1.0.14 15.00 113.00 128.00 OK

Check Details

Version: 1.0.14
Check: DESCRIPTION meta-information
Result: NOTE Missing dependency on R >= 4.1.0 because package code uses the pipe |> or function shorthand \(...) syntax added in R 4.1.0. File(s) using such syntax: ‘functions_chr_int.R’ ‘gate.Rd’ ‘gate_app.R’ ‘methods.R’ Flavors: r-devel-linux-x86_64-debian-clang, r-devel-linux-x86_64-debian-gcc, r-devel-linux-x86_64-fedora-clang, r-devel-linux-x86_64-fedora-gcc, r-devel-windows-x86_64, r-patched-linux-x86_64, r-release-linux-x86_64, r-release-macos-arm64, r-release-windows-x86_64

Version: 1.0.14
Check: DESCRIPTION meta-information
Result: NOTE Missing dependency on R >= 4.1.0 because package code uses the pipe |> or function shorthand \(...) syntax added in R 4.1.0. File(s) using such syntax: ‘functions_chr_int.R’ ‘gate_app.R’ ‘methods.R’ Flavor: r-release-macos-x86_64