Last updated on 2025-10-06 07:50:04 CEST.
Flavor | Version | Tinstall | Tcheck | Ttotal | Status | Flags |
---|---|---|---|---|---|---|
r-devel-linux-x86_64-debian-clang | 0.1.1 | 3.24 | 38.14 | 41.38 | OK | |
r-devel-linux-x86_64-debian-gcc | 0.1.1 | 2.26 | 30.10 | 32.36 | OK | |
r-devel-linux-x86_64-fedora-clang | 0.1.1 | 59.04 | OK | |||
r-devel-linux-x86_64-fedora-gcc | 0.1.1 | 74.53 | OK | |||
r-devel-windows-x86_64 | 0.1.1 | 6.00 | 57.00 | 63.00 | OK | |
r-patched-linux-x86_64 | 0.1.1 | 3.16 | 35.28 | 38.44 | OK | |
r-release-linux-x86_64 | 0.1.1 | 2.98 | 35.11 | 38.09 | OK | |
r-release-macos-arm64 | 0.1.1 | 27.00 | OK | |||
r-release-macos-x86_64 | 0.1.1 | 46.00 | OK | |||
r-release-windows-x86_64 | 0.1.1 | 5.00 | 58.00 | 63.00 | OK | |
r-oldrel-macos-arm64 | 0.1.1 | 27.00 | NOTE | |||
r-oldrel-macos-x86_64 | 0.1.1 | 42.00 | NOTE | |||
r-oldrel-windows-x86_64 | 0.1.1 | 7.00 | 72.00 | 79.00 | NOTE |
Version: 0.1.1
Check: LazyData
Result: NOTE
'LazyData' is specified without a 'data' directory
Flavors: r-oldrel-macos-arm64, r-oldrel-macos-x86_64, r-oldrel-windows-x86_64