CRAN Package Check Results for Package tidyCpp

Last updated on 2025-07-04 13:49:59 CEST.

Flavor Version Tinstall Tcheck Ttotal Status Flags
r-devel-linux-x86_64-debian-clang 0.0.7 1.13 15.67 16.80 NOTE
r-devel-linux-x86_64-debian-gcc 0.0.7 1.02 13.28 14.30 NOTE
r-devel-linux-x86_64-fedora-clang 0.0.7 23.58 OK
r-devel-linux-x86_64-fedora-gcc 0.0.7 37.71 OK
r-devel-windows-x86_64 0.0.7 2.00 37.00 39.00 OK
r-patched-linux-x86_64 0.0.7 1.26 14.12 15.38 OK
r-release-linux-x86_64 0.0.7 1.22 14.00 15.22 OK
r-release-macos-arm64 0.0.7 19.00 OK
r-release-macos-x86_64 0.0.7 50.00 OK
r-release-windows-x86_64 0.0.7 2.00 38.00 40.00 OK
r-oldrel-macos-arm64 0.0.7 17.00 OK
r-oldrel-macos-x86_64 0.0.7 33.00 OK
r-oldrel-windows-x86_64 0.0.7 2.00 39.00 41.00 OK

Check Details

Version: 0.0.7
Check: CRAN incoming feasibility
Result: NOTE Maintainer: ‘Dirk Eddelbuettel <edd@debian.org>’ No Authors@R field in DESCRIPTION. Please add one, modifying Authors@R: person(given = "Dirk", family = "Eddelbuettel", role = c("aut", "cre"), email = "edd@debian.org") as necessary. Flavors: r-devel-linux-x86_64-debian-clang, r-devel-linux-x86_64-debian-gcc