CRAN Package Check Results for Package tagtools

Last updated on 2025-07-04 11:50:40 CEST.

Flavor Version Tinstall Tcheck Ttotal Status Flags
r-devel-linux-x86_64-debian-clang 0.2.0 7.98 73.50 81.48 NOTE
r-devel-linux-x86_64-debian-gcc 0.2.0 5.92 49.82 55.74 NOTE
r-devel-linux-x86_64-fedora-clang 0.2.0 123.61 NOTE
r-devel-linux-x86_64-fedora-gcc 0.2.0 117.04 NOTE
r-devel-windows-x86_64 0.2.0 10.00 103.00 113.00 NOTE
r-patched-linux-x86_64 0.2.0 10.66 69.24 79.90 NOTE
r-release-linux-x86_64 0.2.0 9.65 68.79 78.44 NOTE
r-release-macos-arm64 0.2.0 37.00 NOTE
r-release-macos-x86_64 0.2.0 72.00 NOTE
r-release-windows-x86_64 0.2.0 12.00 102.00 114.00 NOTE
r-oldrel-macos-arm64 0.2.0 37.00 OK
r-oldrel-macos-x86_64 0.2.0 87.00 OK
r-oldrel-windows-x86_64 0.2.0 14.00 121.00 135.00 OK

Check Details

Version: 0.2.0
Check: DESCRIPTION meta-information
Result: NOTE Missing dependency on R >= 4.1.0 because package code uses the pipe |> or function shorthand \(...) syntax added in R 4.1.0. File(s) using such syntax: ‘plott.R’ ‘read_cats_csv.R’ Flavors: r-devel-linux-x86_64-debian-clang, r-devel-linux-x86_64-debian-gcc, r-devel-linux-x86_64-fedora-clang, r-devel-linux-x86_64-fedora-gcc, r-devel-windows-x86_64, r-patched-linux-x86_64, r-release-linux-x86_64, r-release-macos-arm64, r-release-macos-x86_64, r-release-windows-x86_64