CRAN Package Check Results for Package svTools

Last updated on 2025-10-10 03:51:17 CEST.

Flavor Version Tinstall Tcheck Ttotal Status Flags
r-devel-linux-x86_64-debian-clang 0.9-5 3.62 32.43 36.05 NOTE
r-devel-linux-x86_64-debian-gcc 0.9-5 2.81 24.82 27.63 NOTE
r-devel-linux-x86_64-fedora-clang 0.9-5 57.11 OK
r-devel-linux-x86_64-fedora-gcc 0.9-5 73.18 OK
r-devel-windows-x86_64 0.9-5 4.00 53.00 57.00 OK
r-patched-linux-x86_64 0.9-5 3.51 30.63 34.14 OK
r-release-linux-x86_64 0.9-5 4.15 30.40 34.55 OK
r-release-macos-arm64 0.9-5 34.00 OK
r-release-macos-x86_64 0.9-5 52.00 OK
r-release-windows-x86_64 0.9-5 5.00 52.00 57.00 OK
r-oldrel-macos-arm64 0.9-5 29.00 OK
r-oldrel-macos-x86_64 0.9-5 45.00 OK
r-oldrel-windows-x86_64 0.9-5 6.00 60.00 66.00 OK

Check Details

Version: 0.9-5
Check: CRAN incoming feasibility
Result: NOTE Maintainer: ‘Philippe Grosjean <phgrosjean@sciviews.org>’ Package CITATION file contains call(s) to old-style personList() or as.personList(). Please use c() on person objects instead. Package CITATION file contains call(s) to old-style citEntry(). Please use bibentry() instead. Found the following \keyword or \concept entries which likely give several index terms: File ‘bibRNews.Rd’: \concept{ BibTeX bibliography, R News } Flavors: r-devel-linux-x86_64-debian-clang, r-devel-linux-x86_64-debian-gcc