CRAN Package Check Results for Package structree

Last updated on 2025-10-09 20:50:31 CEST.

Flavor Version Tinstall Tcheck Ttotal Status Flags
r-devel-linux-x86_64-debian-clang 1.1.7 9.87 101.75 111.62 NOTE
r-devel-linux-x86_64-debian-gcc 1.1.7 7.31 75.23 82.54 NOTE
r-devel-linux-x86_64-fedora-clang 1.1.7 167.42 OK
r-devel-linux-x86_64-fedora-gcc 1.1.7 179.12 OK
r-devel-windows-x86_64 1.1.7 11.00 127.00 138.00 OK
r-patched-linux-x86_64 1.1.7 8.51 98.04 106.55 OK
r-release-linux-x86_64 1.1.7 9.25 98.23 107.48 OK
r-release-macos-arm64 1.1.7 95.00 OK
r-release-macos-x86_64 1.1.7 146.00 OK
r-release-windows-x86_64 1.1.7 12.00 128.00 140.00 OK
r-oldrel-macos-arm64 1.1.7 56.00 OK
r-oldrel-macos-x86_64 1.1.7 86.00 OK
r-oldrel-windows-x86_64 1.1.7 15.00 148.00 163.00 OK

Check Details

Version: 1.1.7
Check: CRAN incoming feasibility
Result: NOTE Maintainer: ‘Moritz Berger <Moritz.Berger@imbie.uni-bonn.de>’ No Authors@R field in DESCRIPTION. Please add one, modifying Authors@R: person(given = "Moritz", family = "Berger", role = c("aut", "cre"), email = "moritz.berger@imbie.uni-bonn.de") as necessary. Flavors: r-devel-linux-x86_64-debian-clang, r-devel-linux-x86_64-debian-gcc