CRAN Package Check Results for Package stressr

Last updated on 2025-10-11 02:52:49 CEST.

Flavor Version Tinstall Tcheck Ttotal Status Flags
r-devel-linux-x86_64-debian-clang 1.0.0 3.75 39.24 42.99 NOTE
r-devel-linux-x86_64-debian-gcc 1.0.0 2.91 30.21 33.12 NOTE
r-devel-linux-x86_64-fedora-clang 1.0.0 65.87 NOTE
r-devel-linux-x86_64-fedora-gcc 1.0.0 61.50 NOTE
r-devel-windows-x86_64 1.0.0 5.00 56.00 61.00 NOTE
r-patched-linux-x86_64 1.0.0 3.65 37.00 40.65 NOTE
r-release-linux-x86_64 1.0.0 3.07 36.83 39.90 NOTE
r-release-macos-arm64 1.0.0 26.00 NOTE
r-release-macos-x86_64 1.0.0 61.00 NOTE
r-release-windows-x86_64 1.0.0 6.00 60.00 66.00 NOTE
r-oldrel-macos-arm64 1.0.0 23.00 NOTE
r-oldrel-macos-x86_64 1.0.0 34.00 NOTE
r-oldrel-windows-x86_64 1.0.0 8.00 68.00 76.00 NOTE

Check Details

Version: 1.0.0
Check: CRAN incoming feasibility
Result: NOTE Maintainer: ‘Matt Barry <mrb@softisms.com>’ No Authors@R field in DESCRIPTION. Please add one, modifying Authors@R: person(given = "Matt", family = "Barry", role = c("aut", "cre"), email = "mrb@softisms.com") as necessary. Flavors: r-devel-linux-x86_64-debian-clang, r-devel-linux-x86_64-debian-gcc

Version: 1.0.0
Check: DESCRIPTION meta-information
Result: NOTE Malformed Title field: should not end in a period. Flavors: r-devel-linux-x86_64-debian-clang, r-devel-linux-x86_64-debian-gcc, r-devel-linux-x86_64-fedora-clang, r-devel-linux-x86_64-fedora-gcc, r-devel-windows-x86_64, r-patched-linux-x86_64, r-release-linux-x86_64, r-release-macos-arm64, r-release-macos-x86_64, r-release-windows-x86_64, r-oldrel-macos-arm64, r-oldrel-macos-x86_64, r-oldrel-windows-x86_64