Last updated on 2025-07-04 22:49:38 CEST.
Flavor | Version | Tinstall | Tcheck | Ttotal | Status | Flags |
---|---|---|---|---|---|---|
r-devel-linux-x86_64-debian-clang | 2.0-8 | 26.75 | 148.97 | 175.72 | NOTE | |
r-devel-linux-x86_64-debian-gcc | 2.0-8 | 18.30 | 121.27 | 139.57 | NOTE | |
r-devel-linux-x86_64-fedora-clang | 2.0-8 | 272.43 | OK | |||
r-devel-linux-x86_64-fedora-gcc | 2.0-8 | 273.19 | OK | |||
r-devel-windows-x86_64 | 2.0-8 | 33.00 | 143.00 | 176.00 | OK | |
r-patched-linux-x86_64 | 2.0-8 | 27.07 | 151.59 | 178.66 | OK | |
r-release-linux-x86_64 | 2.0-8 | 25.98 | 150.36 | 176.34 | OK | |
r-release-macos-arm64 | 2.0-8 | 138.00 | OK | |||
r-release-macos-x86_64 | 2.0-8 | 156.00 | OK | |||
r-release-windows-x86_64 | 2.0-8 | 36.00 | 138.00 | 174.00 | OK | |
r-oldrel-macos-arm64 | 2.0-8 | 291.00 | OK | |||
r-oldrel-macos-x86_64 | 2.0-8 | 230.00 | OK | |||
r-oldrel-windows-x86_64 | 2.0-8 | 38.00 | 182.00 | 220.00 | OK |
Version: 2.0-8
Check: CRAN incoming feasibility
Result: NOTE
Maintainer: ‘Edith Gabriel <edith.gabriel@inrae.fr>’
The BugReports field in DESCRIPTION has
https://github.com/stpp-GitHub-community
which should likely be
https://github.com/stpp-GitHub-community/issues
instead.
Flavors: r-devel-linux-x86_64-debian-clang, r-devel-linux-x86_64-debian-gcc