Last updated on 2025-07-04 07:49:43 CEST.
Flavor | Version | Tinstall | Tcheck | Ttotal | Status | Flags |
---|---|---|---|---|---|---|
r-devel-linux-x86_64-debian-clang | 0.3.0 | 31.49 | 139.43 | 170.92 | OK | |
r-devel-linux-x86_64-debian-gcc | 0.3.0 | 27.83 | 112.99 | 140.82 | OK | |
r-devel-linux-x86_64-fedora-clang | 0.3.0 | 275.67 | OK | |||
r-devel-linux-x86_64-fedora-gcc | 0.3.0 | 329.96 | OK | |||
r-devel-windows-x86_64 | 0.3.0 | 72.00 | 111.00 | 183.00 | OK | |
r-patched-linux-x86_64 | 0.3.0 | 40.74 | 138.99 | 179.73 | OK | |
r-release-linux-x86_64 | 0.3.0 | 36.88 | 141.10 | 177.98 | OK | |
r-release-macos-arm64 | 0.3.0 | 93.00 | OK | |||
r-release-macos-x86_64 | 0.3.0 | 173.00 | OK | |||
r-release-windows-x86_64 | 0.3.0 | 75.00 | 111.00 | 186.00 | OK | |
r-oldrel-macos-arm64 | 0.3.0 | 93.00 | NOTE | |||
r-oldrel-macos-x86_64 | 0.3.0 | 162.00 | NOTE | |||
r-oldrel-windows-x86_64 | 0.3.0 | 88.00 | 134.00 | 222.00 | NOTE |
Version: 0.3.0
Check: installed package size
Result: NOTE
installed size is 47.5Mb
sub-directories of 1Mb or more:
joss_paper 1.2Mb
libs 45.5Mb
Flavors: r-oldrel-macos-arm64, r-oldrel-macos-x86_64, r-oldrel-windows-x86_64