Last updated on 2025-07-04 18:49:35 CEST.
Flavor | Version | Tinstall | Tcheck | Ttotal | Status | Flags |
---|---|---|---|---|---|---|
r-devel-linux-x86_64-debian-clang | 1.0.9 | 14.18 | 388.04 | 402.22 | OK | |
r-devel-linux-x86_64-debian-gcc | 1.0.9 | 8.24 | 272.86 | 281.10 | OK | |
r-devel-linux-x86_64-fedora-clang | 1.0.9.1 | 636.81 | OK | |||
r-devel-linux-x86_64-fedora-gcc | 1.0.9.1 | 650.69 | OK | |||
r-devel-windows-x86_64 | 1.0.9 | 18.00 | 329.00 | 347.00 | OK | |
r-patched-linux-x86_64 | 1.0.8 | 12.56 | 399.55 | 412.11 | OK | |
r-release-linux-x86_64 | 1.0.8 | 12.12 | 402.67 | 414.79 | OK | |
r-release-macos-arm64 | 1.0.8 | 130.00 | OK | |||
r-release-macos-x86_64 | 1.0.9.1 | 389.00 | OK | |||
r-release-windows-x86_64 | 1.0.9.1 | 16.00 | 343.00 | 359.00 | OK | |
r-oldrel-macos-arm64 | 1.0.8 | 140.00 | NOTE | |||
r-oldrel-macos-x86_64 | 1.0.9.1 | 358.00 | NOTE | |||
r-oldrel-windows-x86_64 | 1.0.9.1 | 18.00 | 361.00 | 379.00 | NOTE |
Version: 1.0.8
Check: package dependencies
Result: NOTE
Package suggested but not available for checking: ‘asreml’
Flavor: r-oldrel-macos-arm64
Version: 1.0.8
Check: installed package size
Result: NOTE
installed size is 5.0Mb
sub-directories of 1Mb or more:
data 3.5Mb
Flavor: r-oldrel-macos-arm64
Version: 1.0.9.1
Check: package dependencies
Result: NOTE
Package suggested but not available for checking: ‘asreml’
Flavors: r-oldrel-macos-x86_64, r-oldrel-windows-x86_64
Version: 1.0.9.1
Check: installed package size
Result: NOTE
installed size is 5.0Mb
sub-directories of 1Mb or more:
data 3.5Mb
Flavor: r-oldrel-macos-x86_64