Last updated on 2025-07-09 23:48:58 CEST.
Flavor | Version | Tinstall | Tcheck | Ttotal | Status | Flags |
---|---|---|---|---|---|---|
r-devel-linux-x86_64-debian-clang | 1.0.12 | 74.47 | 186.24 | 260.71 | OK | |
r-devel-linux-x86_64-debian-gcc | 1.0.12 | 51.86 | 127.52 | 179.38 | OK | |
r-devel-linux-x86_64-fedora-clang | 1.0.12 | 407.27 | OK | |||
r-devel-linux-x86_64-fedora-gcc | 1.0.12 | 399.62 | OK | |||
r-devel-windows-x86_64 | 1.0.12 | 71.00 | 186.00 | 257.00 | OK | |
r-patched-linux-x86_64 | 1.0.12 | 75.14 | 188.87 | 264.01 | OK | |
r-release-linux-x86_64 | 1.0.11 | 72.95 | 185.25 | 258.20 | OK | |
r-release-macos-arm64 | 1.0.11 | 129.00 | OK | |||
r-release-macos-x86_64 | 1.0.12 | 238.00 | OK | |||
r-release-windows-x86_64 | 1.0.12 | 79.00 | 215.00 | 294.00 | OK | |
r-oldrel-macos-arm64 | 1.0.11 | 134.00 | NOTE | |||
r-oldrel-macos-x86_64 | 1.0.12 | 231.00 | NOTE | |||
r-oldrel-windows-x86_64 | 1.0.12 | 100.00 | 258.00 | 358.00 | NOTE |
Version: 1.0.11
Check: installed package size
Result: NOTE
installed size is 9.7Mb
sub-directories of 1Mb or more:
data 3.6Mb
libs 5.1Mb
Flavor: r-oldrel-macos-arm64
Version: 1.0.12
Check: installed package size
Result: NOTE
installed size is 9.9Mb
sub-directories of 1Mb or more:
data 3.6Mb
libs 5.2Mb
Flavors: r-oldrel-macos-x86_64, r-oldrel-windows-x86_64