CRAN Package Check Results for Package starry

Last updated on 2025-10-10 23:51:13 CEST.

Flavor Version Tinstall Tcheck Ttotal Status Flags
r-devel-linux-x86_64-debian-clang 0.1.2 11.10 69.70 80.80 NOTE
r-devel-linux-x86_64-debian-gcc 0.1.2 6.74 49.80 56.54 NOTE
r-devel-linux-x86_64-fedora-clang 0.1.2 118.78 NOTE
r-devel-linux-x86_64-fedora-gcc 0.1.2 115.30 NOTE
r-devel-windows-x86_64 0.1.2 11.00 77.00 88.00 NOTE
r-patched-linux-x86_64 0.1.2 10.26 66.19 76.45 NOTE
r-release-linux-x86_64 0.1.2 9.68 65.31 74.99 NOTE
r-release-macos-arm64 0.1.2 28.00 NOTE
r-release-macos-x86_64 0.1.2 52.00 NOTE
r-release-windows-x86_64 0.1.2 12.00 81.00 93.00 NOTE
r-oldrel-macos-arm64 0.1.2 27.00 OK
r-oldrel-macos-x86_64 0.1.2 43.00 OK
r-oldrel-windows-x86_64 0.1.2 16.00 111.00 127.00 OK

Check Details

Version: 0.1.2
Check: DESCRIPTION meta-information
Result: NOTE Missing dependency on R >= 4.1.0 because package code uses the pipe |> or function shorthand \(...) syntax added in R 4.1.0. File(s) using such syntax: ‘stat_frequency.R’ Flavors: r-devel-linux-x86_64-debian-clang, r-devel-linux-x86_64-debian-gcc, r-devel-linux-x86_64-fedora-clang, r-devel-linux-x86_64-fedora-gcc, r-devel-windows-x86_64, r-patched-linux-x86_64, r-release-linux-x86_64, r-release-macos-arm64, r-release-macos-x86_64, r-release-windows-x86_64