Last updated on 2025-10-08 12:49:56 CEST.
Flavor | Version | Tinstall | Tcheck | Ttotal | Status | Flags |
---|---|---|---|---|---|---|
r-devel-linux-x86_64-debian-clang | 0.1.1 | 2.36 | 37.98 | 40.34 | NOTE | |
r-devel-linux-x86_64-debian-gcc | 0.1.1 | 1.81 | 28.92 | 30.73 | NOTE | |
r-devel-linux-x86_64-fedora-clang | 0.1.1 | 63.35 | OK | |||
r-devel-linux-x86_64-fedora-gcc | 0.1.1 | 72.20 | OK | |||
r-devel-windows-x86_64 | 0.1.1 | 5.00 | 63.00 | 68.00 | OK | |
r-patched-linux-x86_64 | 0.1.1 | 2.30 | 35.59 | 37.89 | OK | |
r-release-linux-x86_64 | 0.1.1 | 2.31 | 35.19 | 37.50 | OK | |
r-release-macos-arm64 | 0.1.1 | 38.00 | OK | |||
r-release-macos-x86_64 | 0.1.1 | 51.00 | OK | |||
r-release-windows-x86_64 | 0.1.1 | 5.00 | 63.00 | 68.00 | OK | |
r-oldrel-macos-arm64 | 0.1.1 | 29.00 | OK | |||
r-oldrel-macos-x86_64 | 0.1.1 | 42.00 | OK | |||
r-oldrel-windows-x86_64 | 0.1.1 | 7.00 | 70.00 | 77.00 | OK |
Version: 0.1.1
Check: CRAN incoming feasibility
Result: NOTE
Maintainer: ‘Daniel P. Palomar <daniel.p.palomar@gmail.com>’
Package CITATION file contains call(s) to old-style personList() or
as.personList(). Please use c() on person objects instead.
Package CITATION file contains call(s) to old-style citEntry(). Please
use bibentry() instead.
Flavors: r-devel-linux-x86_64-debian-clang, r-devel-linux-x86_64-debian-gcc