Last updated on 2025-07-17 21:51:01 CEST.
Flavor | Version | Tinstall | Tcheck | Ttotal | Status | Flags |
---|---|---|---|---|---|---|
r-devel-linux-x86_64-debian-clang | 0.2.3 | 65.05 | 87.25 | 152.30 | OK | |
r-devel-linux-x86_64-debian-gcc | 0.2.3 | 52.65 | 70.85 | 123.50 | OK | |
r-devel-linux-x86_64-fedora-clang | 0.2.3 | 241.26 | OK | |||
r-devel-linux-x86_64-fedora-gcc | 0.2.3 | 270.84 | OK | |||
r-devel-windows-x86_64 | 0.2.3 | 67.00 | 130.00 | 197.00 | OK | |
r-patched-linux-x86_64 | 0.2.3 | 72.63 | 89.78 | 162.41 | OK | |
r-release-linux-x86_64 | 0.2.3 | 71.18 | 90.15 | 161.33 | OK | |
r-release-macos-arm64 | 0.2.3 | 85.00 | OK | |||
r-release-macos-x86_64 | 0.2.3 | 121.00 | OK | |||
r-release-windows-x86_64 | 0.2.3 | 71.00 | 120.00 | 191.00 | OK | |
r-oldrel-macos-arm64 | 0.2.3 | 73.00 | NOTE | |||
r-oldrel-macos-x86_64 | 0.2.3 | 138.00 | NOTE | |||
r-oldrel-windows-x86_64 | 0.2.3 | 81.00 | 153.00 | 234.00 | OK |
Version: 0.2.3
Check: installed package size
Result: NOTE
installed size is 27.7Mb
sub-directories of 1Mb or more:
libs 27.3Mb
Flavors: r-oldrel-macos-arm64, r-oldrel-macos-x86_64