Last updated on 2025-07-03 17:52:25 CEST.
Flavor | Version | Tinstall | Tcheck | Ttotal | Status | Flags |
---|---|---|---|---|---|---|
r-devel-linux-x86_64-debian-clang | 1.3 | 171.48 | 85.54 | 257.02 | NOTE | |
r-devel-linux-x86_64-debian-gcc | 1.3 | 117.18 | 63.51 | 180.69 | NOTE | |
r-devel-linux-x86_64-fedora-clang | 1.3 | 459.84 | OK | |||
r-devel-linux-x86_64-fedora-gcc | 1.3 | 429.74 | OK | |||
r-devel-windows-x86_64 | 1.3 | 184.00 | 109.00 | 293.00 | OK | |
r-patched-linux-x86_64 | 1.3 | 168.62 | 81.14 | 249.76 | OK | |
r-release-linux-x86_64 | 1.3 | 162.90 | 80.43 | 243.33 | OK | |
r-release-macos-arm64 | 1.3 | 168.00 | OK | |||
r-release-macos-x86_64 | 1.3 | 150.00 | OK | |||
r-release-windows-x86_64 | 1.3 | 189.00 | 111.00 | 300.00 | OK | |
r-oldrel-macos-arm64 | 1.3 | 102.00 | NOTE | |||
r-oldrel-macos-x86_64 | 1.3 | 153.00 | NOTE | |||
r-oldrel-windows-x86_64 | 1.3 | 220.00 | 137.00 | 357.00 | OK |
Version: 1.3
Check: CRAN incoming feasibility
Result: NOTE
Maintainer: ‘Samuel I. Berchuck <sib2@duke.edu>’
The Description field contains
Spatial Surfaces", by Berchuck et al (2019), <arXiv:1911.04337>. The
Please refer to arXiv e-prints via their arXiv DOI <doi:10.48550/arXiv.YYMM.NNNNN>.
Flavors: r-devel-linux-x86_64-debian-clang, r-devel-linux-x86_64-debian-gcc
Version: 1.3
Check: installed package size
Result: NOTE
installed size is 13.4Mb
sub-directories of 1Mb or more:
data 3.3Mb
libs 9.5Mb
Flavors: r-oldrel-macos-arm64, r-oldrel-macos-x86_64