CRAN Package Check Results for Package soilwater

Last updated on 2025-07-04 22:49:37 CEST.

Flavor Version Tinstall Tcheck Ttotal Status Flags
r-devel-linux-x86_64-debian-clang 1.0.5 1.66 19.31 20.97 NOTE
r-devel-linux-x86_64-debian-gcc 1.0.5 1.37 16.21 17.58 NOTE
r-devel-linux-x86_64-fedora-clang 1.0.5 32.52 OK
r-devel-linux-x86_64-fedora-gcc 1.0.5 31.02 OK
r-devel-windows-x86_64 1.0.5 2.00 47.00 49.00 OK
r-patched-linux-x86_64 1.0.5 1.79 18.36 20.15 OK
r-release-linux-x86_64 1.0.5 1.69 18.15 19.84 OK
r-release-macos-arm64 1.0.5 14.00 OK
r-release-macos-x86_64 1.0.5 24.00 OK
r-release-windows-x86_64 1.0.5 2.00 46.00 48.00 OK
r-oldrel-macos-arm64 1.0.5 14.00 OK
r-oldrel-macos-x86_64 1.0.5 21.00 OK
r-oldrel-windows-x86_64 1.0.5 2.00 49.00 51.00 OK

Check Details

Version: 1.0.5
Check: CRAN incoming feasibility
Result: NOTE Maintainer: ‘Emanuele Cordano <emanuele.cordano@gmail.com>’ No Authors@R field in DESCRIPTION. Please add one, modifying Authors@R: c(person(given = "Emanuele", family = "Cordano", role = c("aut", "cre"), email = "emanuele.cordano@gmail.com"), person(given = "Daniele", family = "Andreis", role = "aut"), person(given = "Fabio", family = "Zottele", role = "aut")) as necessary. Flavors: r-devel-linux-x86_64-debian-clang, r-devel-linux-x86_64-debian-gcc