Last updated on 2025-10-12 05:50:12 CEST.
Flavor | Version | Tinstall | Tcheck | Ttotal | Status | Flags |
---|---|---|---|---|---|---|
r-devel-linux-x86_64-debian-clang | 0.0.1 | 2.17 | 38.48 | 40.65 | OK | |
r-devel-linux-x86_64-debian-gcc | 0.0.1 | 1.60 | 27.89 | 29.49 | OK | |
r-devel-linux-x86_64-fedora-clang | 0.0.1 | 66.06 | NOTE | |||
r-devel-linux-x86_64-fedora-gcc | 0.0.1 | 60.58 | NOTE | |||
r-devel-windows-x86_64 | 0.0.1 | 4.00 | 55.00 | 59.00 | OK | |
r-patched-linux-x86_64 | 0.0.1 | 2.57 | 36.70 | 39.27 | OK | |
r-release-linux-x86_64 | 0.0.1 | 1.76 | 36.29 | 38.05 | OK | |
r-release-macos-arm64 | 0.0.1 | 21.00 | OK | |||
r-release-macos-x86_64 | 0.0.1 | 36.00 | OK | |||
r-release-windows-x86_64 | 0.0.1 | 5.00 | 57.00 | 62.00 | OK | |
r-oldrel-macos-arm64 | 0.0.1 | 21.00 | OK | |||
r-oldrel-macos-x86_64 | 0.0.1 | 33.00 | OK | |||
r-oldrel-windows-x86_64 | 0.0.1 | 5.00 | 68.00 | 73.00 | OK |
Version: 0.0.1
Check: dependencies in R code
Result: NOTE
Namespaces in Imports field not imported from:
‘Rdpack’ ‘ggplot2’
All declared Imports should be used.
Flavors: r-devel-linux-x86_64-fedora-clang, r-devel-linux-x86_64-fedora-gcc