Last updated on 2025-07-05 13:48:36 CEST.
Flavor | Version | Tinstall | Tcheck | Ttotal | Status | Flags |
---|---|---|---|---|---|---|
r-devel-linux-x86_64-debian-clang | 0.1.3 | 39.53 | 120.66 | 160.19 | OK | |
r-devel-linux-x86_64-debian-gcc | 0.1.3 | 24.51 | 89.98 | 114.49 | OK | |
r-devel-linux-x86_64-fedora-clang | 0.1.3 | 279.47 | OK | |||
r-devel-linux-x86_64-fedora-gcc | 0.1.3 | 288.64 | OK | |||
r-devel-windows-x86_64 | 0.1.3 | 40.00 | 159.00 | 199.00 | OK | |
r-patched-linux-x86_64 | 0.1.3 | 35.47 | 115.36 | 150.83 | OK | |
r-release-linux-x86_64 | 0.1.3 | 34.34 | 113.61 | 147.95 | OK | |
r-release-macos-arm64 | 0.1.3 | 77.00 | OK | |||
r-release-macos-x86_64 | 0.1.3 | 148.00 | OK | |||
r-release-windows-x86_64 | 0.1.3 | 45.00 | 169.00 | 214.00 | OK | |
r-oldrel-macos-arm64 | 0.1.3 | 79.00 | NOTE | |||
r-oldrel-macos-x86_64 | 0.1.3 | 154.00 | NOTE | |||
r-oldrel-windows-x86_64 | 0.1.3 | 52.00 | 191.00 | 243.00 | OK |
Version: 0.1.3
Check: installed package size
Result: NOTE
installed size is 5.4Mb
sub-directories of 1Mb or more:
data 2.3Mb
libs 2.7Mb
Flavors: r-oldrel-macos-arm64, r-oldrel-macos-x86_64