CRAN Package Check Results for Package shortIRT

Last updated on 2025-07-12 22:49:23 CEST.

Flavor Version Tinstall Tcheck Ttotal Status Flags
r-devel-linux-x86_64-debian-clang 0.1.3 5.97 50.94 56.91 NOTE
r-devel-linux-x86_64-debian-gcc 0.1.3 4.29 36.94 41.23 NOTE
r-devel-linux-x86_64-fedora-clang 0.1.3 89.97 OK
r-devel-linux-x86_64-fedora-gcc 0.1.3 83.25 OK
r-devel-windows-x86_64 0.1.3 7.00 66.00 73.00 OK
r-patched-linux-x86_64 0.1.3 5.75 48.05 53.80 OK
r-release-linux-x86_64 0.1.3 4.90 47.70 52.60 OK
r-release-macos-arm64 0.1.3 26.00 OK
r-release-macos-x86_64 0.1.3 42.00 OK
r-release-windows-x86_64 0.1.3 8.00 70.00 78.00 OK
r-oldrel-macos-arm64 0.1.3 24.00 OK
r-oldrel-macos-x86_64 0.1.3 38.00 OK
r-oldrel-windows-x86_64 0.1.3 9.00 80.00 89.00 OK

Check Details

Version: 0.1.3
Check: CRAN incoming feasibility
Result: NOTE Maintainer: ‘Ottavia M. Epifania <ottavia.epifania@unipd.it>’ No Authors@R field in DESCRIPTION. Please add one, modifying Authors@R: person(given = c("Ottavia", "M."), family = "Epifania", role = c("ctb", "aut", "cre"), email = "egidio.robusto@unipd.it") as necessary. Flavors: r-devel-linux-x86_64-debian-clang, r-devel-linux-x86_64-debian-gcc